s digit of 5535?
5
What is the thousands digit of 82351?
2
What is the tens digit of 58806?
0
What is the units digit of 8238?
8
What is the hundreds digit of 4807?
8
What is the tens digit of 286?
8
What is the units digit of 605?
5
What is the ten thousands digit of 47556?
4
What is the units digit of 142?
2
What is the units digit of 1064?
4
What is the tens digit of 1563?
6
What is the units digit of 17511?
1
What is the hundreds digit of 13109?
1
What is the hundreds digit of 3497?
4
What is the hundreds digit of 2044?
0
What is the ten thousands digit of 10023?
1
What is the thousands digit of 35838?
5
What is the thousands digit of 76940?
6
What is the hundreds digit of 439?
4
What is the thousands digit of 1693?
1
What is the tens digit of 56873?
7
What is the units digit of 396?
6
What is the ten thousands digit of 45246?
4
What is the units digit of 3570?
0
What is the tens digit of 14011?
1
What is the tens digit of 1722?
2
What is the thousands digit of 78167?
8
What is the tens digit of 689?
8
What is the ten thousands digit of 140484?
4
What is the units digit of 690?
0
What is the hundreds digit of 12012?
0
What is the tens digit of 288?
8
What is the hundreds digit of 1282?
2
What is the hundreds digit of 1630?
6
What is the units digit of 1043?
3
What is the units digit of 3282?
2
What is the units digit of 38?
8
What is the ten thousands digit of 37199?
3
What is the units digit of 282?
2
What is the units digit of 71218?
8
What is the thousands digit of 27809?
7
What is the hundreds digit of 2214?
2
What is the hundreds digit of 2450?
4
What is the ten thousands digit of 10371?
1
What is the tens digit of 21560?
6
What is the ten thousands digit of 38309?
3
What is the units digit of 52504?
4
What is the units digit of 10075?
5
What is the tens digit of 1492?
9
What is the units digit of 716?
6
What is the units digit of 33118?
8
What is the thousands digit of 4555?
4
What is the units digit of 63818?
8
What is the units digit of 1168?
8
What is the ten thousands digit of 15378?
1
What is the hundreds digit of 2570?
5
What is the units digit of 2057?
7
What is the ten thousands digit of 19311?
1
What is the ten thousands digit of 35170?
3
What is the ten thousands digit of 17823?
1
What is the units digit of 680?
0
What is the hundreds digit of 93608?
6
What is the thousands digit of 89066?
9
What is the thousands digit of 172758?
2
What is the hundreds digit of 933?
9
What is the tens digit of 139838?
3
What is the thousands digit of 3893?
3
What is the tens digit of 6419?
1
What is the units digit of 36207?
7
What is the units digit of 2398?
8
What is the ten thousands digit of 39827?
3
What is the thousands digit of 104707?
4
What is the tens digit of 27897?
9
What is the units digit of 18?
8
What is the tens digit of 37617?
1
What is the thousands digit of 18025?
8
What is the units digit of 396?
6
What is the units digit of 551?
1
What is the tens digit of 5578?
7
What is the hundreds digit of 1490?
4
What is the units digit of 2355?
5
What is the hundreds digit of 65201?
2
What is the thousands digit of 39595?
9
What is the units digit of 86148?
8
What is the hundreds digit of 939?
9
What is the units digit of 8937?
7
What is the units digit of 3917?
7
What is the tens digit of 968?
6
What is the ten thousands digit of 19942?
1
What is the tens digit of 495?
9
What is the tens digit of 1486?
8
What is the thousands digit of 4353?
4
What is the thousands digit of 30048?
0
What is the units digit of 8198?
8
What is the thousands digit of 3362?
3
What is the tens digit of 4372?
7
What is the tens digit of 2093?
9
What is the units digit of 6472?
2
What is the units digit of 799?
9
What is the thousands digit of 21257?
1
What is the hundreds digit of 927?
9
What is the tens digit of 1504?
0
What is the thousands digit of 19418?
9
What is the units digit of 3102?
2
What is the hundreds digit of 1035?
0
What is the ten thousands digit of 23933?
2
What is the tens digit of 113311?
1
What is the thousands digit of 16874?
6
What is the tens digit of 98268?
6
What is the units digit of 21178?
8
What is the thousands digit of 2991?
2
What is the units digit of 4228?
8
What is the hundreds digit of 74524?
5
What is the units digit of 804?
4
What is the units digit of 116285?
5
What is the units digit of 923?
3
What is the units digit of 29082?
2
What is the tens digit of 119?
1
What is the hundreds digit of 9355?
3
What is the hundreds digit of 2233?
2
What is the hundreds digit of 99508?
5
What is the units digit of 6717?
7
What is the hundreds digit of 1858?
8
What is the thousands digit of 16929?
6
What is the tens digit of 13725?
2
What is the units digit of 6789?
9
What is the thousands digit of 1866?
1
What is the hundreds digit of 1472?
4
What is the thousands digit of 34631?
4
What is the hundreds digit of 5729?
7
What is the ten thousands digit of 59373?
5
What is the thousands digit of 18124?
8
What is the hundreds digit of 1001?
0
What is the units digit of 61450?
0
What is the hundreds digit of 4884?
8
What is the units digit of 1610?
0
What is the hundreds digit of 27739?
7
What is the thousands digit of 14394?
4
What is the units digit of 714?
4
What is the thousands digit of 2309?
2
What is the units digit of 26110?
0
What is the tens digit of 959?
5
What is the tens digit of 31866?
6
What is the units digit of 37494?
4
What is the thousands digit of 20908?
0
What is the hundreds digit of 1411?
4
What is the thousands digit of 23436?
3
What is the units digit of 2218?
8
What is the tens digit of 6843?
4
What is the units digit of 1819?
9
What is the units digit of 46676?
6
What is the hundreds digit of 15879?
8
What is the thousands digit of 9964?
9
What is the units digit of 5400?
0
What is the hundreds digit of 14543?
5
What is the hundreds digit of 1767?
7
What is the hundreds digit of 1295?
2
What is the tens digit of 681?
8
What is the hundreds digit of 7040?
0
What is the hundreds digit of 353?
3
What is the tens digit of 5710?
1
What is the tens digit of 117071?
7
What is the hundreds digit of 19480?
4
What is the thousands digit of 1016?
1
What is the units digit of 7274?
4
What is the thousands digit of 1515?
1
What is the units digit of 53547?
7
What is the tens digit of 76131?
3
What is the tens digit of 1188?
8
What is the hundreds digit of 3784?
7
What is the tens digit of 5159?
5
What is the ten thousands digit of 49683?
4
What is the hundreds digit of 384?
3
What is the tens digit of 413?
1
What is the units digit of 522?
2
What is the units digit of 507?
7
What is the thousands digit of 79891?
9
What is the ten thousands digit of 33870?
3
What is the units digit of 8759?
9
What is the units digit of 835?
5
What is the hundreds digit of 131952?
9
What is the hundreds digit of 334?
3
What is the units digit of 2123?
3
What is the thousands digit of 39103?
9
What is the tens digit of 290?
9
What is the units digit of 661?
1
What is the tens digit of 1171?
7
What is the tens digit of 1876?
7
What is the tens digit of 11227?
2
What is the tens digit of 61175?
7
What is the units digit of 78536?
6
What is the hundreds digit of 80187?
1
What is the tens digit of 28925?
2
What is the hundreds digit of 233?
2
What is the ten thousands digit of 22033?
2
What is the tens digit of 24028?
2
What is the thousands digit of 22871?
2
What is the hundreds digit of 8501?
5
What is the thousands digit of 89997?
9
What is the units digit of 17374?
4
What is the thousands digit of 1112?
1
What is the tens digit of 8374?
7
What is the tens digit of 1666?
6
What is the tens digit of 6671?
7
What is the tens digit of 3539?
3
What is the hundreds digit of 609?
6
What is the units digit of 3879?
9
What is the units digit of 519?
9
What is the units digit of 1211?
1
What is the hundreds digit of 161?
1
What is the units digit of 45809?
9
What is the tens digit of 16808?
0
What is the hundreds digit of 459?
4
What is the thousands digit of 1738?
1
What is the tens digit of 504?
0
What is the tens digit of 841?
4
What is the units digit of 52071?
1
What is the units digit of 529?
9
What is the units digit of 199?
9
What is the hundreds digit of 4379?
3
What is the ten thousands digit of 11960?
1
What is the units digit of 11